s divided by 151?
147
What is the remainder when 3684 is divided by 11?
10
What is the remainder when 112 is divided by 43?
26
What is the remainder when 483 is divided by 36?
15
What is the remainder when 342 is divided by 49?
48
What is the remainder when 771 is divided by 43?
40
What is the remainder when 290 is divided by 20?
10
What is the remainder when 100 is divided by 11?
1
Calculate the remainder when 82 is divided by 8.
2
What is the remainder when 312 is divided by 184?
128
What is the remainder when 411 is divided by 42?
33
Calculate the remainder when 615 is divided by 33.
21
Calculate the remainder when 46696 is divided by 67.
64
What is the remainder when 333 is divided by 12?
9
What is the remainder when 119 is divided by 40?
39
What is the remainder when 357 is divided by 26?
19
What is the remainder when 42 is divided by 34?
8
What is the remainder when 448 is divided by 92?
80
Calculate the remainder when 303 is divided by 17.
14
Calculate the remainder when 2688 is divided by 13.
10
What is the remainder when 486 is divided by 94?
16
Calculate the remainder when 490 is divided by 4.
2
Calculate the remainder when 407 is divided by 133.
8
Calculate the remainder when 176 is divided by 10.
6
What is the remainder when 511 is divided by 185?
141
Calculate the remainder when 178 is divided by 26.
22
What is the remainder when 1426 is divided by 102?
100
What is the remainder when 24643 is divided by 465?
463
What is the remainder when 515 is divided by 168?
11
Calculate the remainder when 2597 is divided by 260.
257
What is the remainder when 1531 is divided by 173?
147
Calculate the remainder when 103 is divided by 27.
22
Calculate the remainder when 4054 is divided by 52.
50
What is the remainder when 438 is divided by 212?
14
What is the remainder when 851 is divided by 12?
11
Calculate the remainder when 877 is divided by 17.
10
Calculate the remainder when 56 is divided by 22.
12
What is the remainder when 71 is divided by 60?
11
Calculate the remainder when 2687 is divided by 89.
17
Calculate the remainder when 3591 is divided by 29.
24
What is the remainder when 256 is divided by 28?
4
Calculate the remainder when 1191 is divided by 120.
111
Calculate the remainder when 254 is divided by 32.
30
Calculate the remainder when 75 is divided by 19.
18
What is the remainder when 5818 is divided by 52?
46
What is the remainder when 192 is divided by 33?
27
Calculate the remainder when 4880 is divided by 257.
254
Calculate the remainder when 360 is divided by 82.
32
Calculate the remainder when 7532 is divided by 145.
137
What is the remainder when 293 is divided by 8?
5
Calculate the remainder when 150 is divided by 17.
14
What is the remainder when 265 is divided by 74?
43
What is the remainder when 278 is divided by 94?
90
Calculate the remainder when 673 is divided by 66.
13
What is the remainder when 686 is divided by 15?
11
What is the remainder when 426 is divided by 109?
99
What is the remainder when 3523 is divided by 49?
44
What is the remainder when 594 is divided by 50?
44
Calculate the remainder when 378 is divided by 61.
12
Calculate the remainder when 870 is divided by 177.
162
Calculate the remainder when 157 is divided by 90.
67
What is the remainder when 224 is divided by 135?
89
What is the remainder when 184 is divided by 115?
69
Calculate the remainder when 1473 is divided by 67.
66
What is the remainder when 119 is divided by 68?
51
What is the remainder when 681 is divided by 3?
0
What is the remainder when 535 is divided by 55?
40
What is the remainder when 1269 is divided by 53?
50
What is the remainder when 12891 is divided by 7?
4
What is the remainder when 364 is divided by 73?
72
What is the remainder when 84 is divided by 13?
6
What is the remainder when 22 is divided by 11?
0
What is the remainder when 50 is divided by 30?
20
Calculate the remainder when 678 is divided by 20.
18
Calculate the remainder when 81 is divided by 42.
39
What is the remainder when 176 is divided by 63?
50
What is the remainder when 297 is divided by 115?
67
What is the remainder when 278 is divided by 14?
12
Calculate the remainder when 73 is divided by 62.
11
What is the remainder when 809 is divided by 77?
39
What is the remainder when 237 is divided by 15?
12
What is the remainder when 1334 is divided by 191?
188
Calculate the remainder when 759 is divided by 76.
75
What is the remainder when 45 is divided by 17?
11
Calculate the remainder when 276 is divided by 14.
10
Calculate the remainder when 4178 is divided by 27.
20
What is the remainder when 4078 is divided by 48?
46
What is the remainder when 958 is divided by 42?
34
What is the remainder when 664 is divided by 307?
50
Calculate the remainder when 72 is divided by 20.
12
What is the remainder when 1613 is divided by 309?
68
Calculate the remainder when 2804 is divided by 126.
32
Calculate the remainder when 6893 is divided by 197.
195
What is the remainder when 1692 is divided by 88?
20
What is the remainder when 157 is divided by 74?
9
What is the remainder when 596 is divided by 60?
56
Calculate the remainder when 127 is divided by 16.
15
Calculate the remainder when 7949 is divided by 71.
68
Calculate the remainder when 291 is divided by 6.
3
What is the remainder when 183 is divided by 51?
30
What is the remainder when 123 is divided by 76?
47
Calculate the remainder when 1456 is divided by 73.
69
Calculate the remainder when 1664 is divided by 786.
92
Calculate the remainder when 119 is divided by 41.
37
Calculate the remainder when 248 is divided by 134.
114
What is the remainder when 2158 is divided by 12?
10
What is the remainder when 563 is divided by 115?
103
Calculate the remainder when 170 is divided by 47.
29
What is the remainder when 931 is divided by 84?
7
What is the remainder when 118 is divided by 20?
18
What is the remainder when 625 is divided by 80?
65
What is the remainder when 132 is divided by 50?
32
What is the remainder when 930 is divided by 3?
0
What is the remainder when 872 is divided by 126?
116
Calculate the remainder when 86 is divided by 44.
42
What is the remainder when 68 is divided by 5?
3
What is the remainder when 50 is divided by 23?
4
Calculate the remainder when 199 is divided by 78.
43
What is the remainder when 147 is divided by 45?
12
What is the remainder when 1025 is divided by 38?
37
What is the remainder when 71 is divided by 8?
7
What is the remainder when 923 is divided by 156?
143
Calculate the remainder when 140 is divided by 27.
5
Calculate the remainder when 76 is divided by 23.
7
Calculate the remainder when 604 is divided by 50.
4
Calculate the remainder when 5507 is divided by 5500.
7
What is the remainder when 2021 is divided by 44?
41
Calculate the remainder when 148 is divided by 38.
34
What is the remainder when 619 is divided by 89?
85
Calculate the remainder when 131 is divided by 112.
19
What is the remainder when 266 is divided by 253?
13
Calculate the remainder when 728 is divided by 27.
26
Calculate the remainder when 26372 is divided by 168.
164
What is the remainder when 190 is divided by 57?
19
What is the remainder when 236 is divided by 49?
40
What is the remainder when 660 is divided by 74?
68
Calculate the remainder when 2361 is divided by 4.
1
Calculate the remainder when 2958 is divided by 185.
183
What is the remainder when 311 is divided by 26?
25
What is the remainder when 247 is divided by 10?
7
What is the remainder when 89 is divided by 9?
8
Calculate the remainder when 550 is divided by 277.
273
Calculate the remainder when 2158 is divided by 32.
14
Calculate the remainder when 55 is divided by 28.
27
What is the remainder when 196 is divided by 10?
6
Calculate the remainder when 346 is divided by 63.
31
What is the remainder when 119 is divided by 74?
45
What is the remainder when 33 is divided by 7?
5
Calculate the remainder when 2500 is divided by 1246.
8
What is the remainder when 37 is divided by 9?
1
Calculate the remainder when 96 is divided by 53.
43
What is the remainder when 456 is divided by 32?
8
What is the remainder when 1653 is divided by 24?
21
What is the remainder when 86 is divided by 44?
42
Calculate the remainder when 124 is divided by 32.
28
Calcula